) = -2*w**2 - 45*w - 38. Give f(-21).
25
Let o(j) = j**3 - 4*j**2 + 13*j + 105. Calculate o(-6).
-333
Let o(w) = 801*w + 311. Give o(0).
311
Let i(r) = 19*r - 2229. Give i(118).
13
Let y(q) = -525*q - 562. What is y(-1)?
-37
Let j(m) = -23*m - 467. Determine j(-22).
39
Let s(u) = u**2 + 5*u - 12. Calculate s(-15).
138
Let b(h) = h**2 - 19*h - 124. Calculate b(15).
-184
Let s(c) = 131*c - 1692. Calculate s(13).
11
Let q(g) = -3015*g - 9150. What is q(-3)?
-105
Let j(u) = u**3 + 8*u**2 - 10*u - 57. Calculate j(-6).
75
Let a(m) = -m**2 - 15*m + 6. Calculate a(-17).
-28
Let g(j) = j**3 + 7*j**2 + 9*j - 7. Calculate g(-6).
-25
Let y(p) = -p**3 + 12*p**2 - 50*p + 1. Give y(5).
-74
Let j(l) = 11*l**3 + 111*l**2 + 14*l + 32. What is j(-10)?
-8
Let s(q) = 3*q**3 + 9*q**2 + 5*q - 11. What is s(-2)?
-9
Let g(p) = -221*p - 710. Determine g(-5).
395
Let o(v) = -1907*v - 19065. Determine o(-10).
5
Let y(d) = 46*d - 239. Determine y(-3).
-377
Let u(g) = g**3 - 16*g**2 - 39*g + 3. Determine u(18).
-51
Let p(j) = -j**3 - 29*j**2 + 59*j - 50. Determine p(-31).
43
Let u(p) = 135*p - 717. Give u(7).
228
Let s(v) = -11*v**2 + 41*v. Determine s(-2).
-126
Let l(u) = -520*u + 7292. Determine l(14).
12
Let t(p) = p**3 + 25*p**2 + p + 22. What is t(-25)?
-3
Let k(i) = i**3 - 17*i**2 + 29*i - 15. What is k(9)?
-402
Let b(p) = -p**2 + 43*p + 284. Calculate b(47).
96
Let n(o) = -5*o**3 - 68*o**2 + 17*o - 61. Calculate n(-14).
93
Let m(u) = -13*u**2 + 13*u - 10. What is m(0)?
-10
Let d(x) = -x**3 + 34*x**2 - 353*x + 1067. Calculate d(12).
-1
Let f(j) = -19*j**2 - 1754*j - 608. Determine f(-92).
-56
Let l(r) = -3*r**3 + 9*r**2 + 8*r + 32. Calculate l(4).
16
Let g(u) = 4*u**2 + 3*u + 4. Determine g(-1).
5
Let g(n) = -n**3 - 58*n**2 + 12*n + 574. Calculate g(-58).
-122
Let u(o) = o**2 + 2588*o + 10356. Determine u(-4).
20
Let i(z) = -z**2 + 20*z - 13. Determine i(-15).
-538
Let h(b) = -2*b**3 - 16*b**2 + 475*b + 8. What is h(12)?
-52
Let p(f) = 130*f - 7294. What is p(56)?
-14
Let c(i) = i**2 - 90*i + 1925. What is c(56)?
21
Let c(u) = 2*u**2 - 27*u + 10. Determine c(9).
-71
Let s(j) = j**3 - 41*j - 70. Calculate s(-8).
-254
Let f(i) = -38*i - 1260. Calculate f(-21).
-462
Let p(k) = k**2 - 14*k + 18. Calculate p(15).
33
Let w(c) = -592*c - 2901. What is w(-5)?
59
Let k(c) = 4*c**2 - 37*c + 105. Determine k(8).
65
Let o(p) = 90*p - 801. Give o(5).
-351
Let o(i) = -i**3 - 4*i**2 - 6*i + 23. Determine o(3).
-58
Let l(o) = -5*o - 229. Determine l(37).
-414
Let y(k) = 2*k**3 - 17*k**2 + 6*k + 56. Determine y(5).
-89
Let l(u) = -u**3 - u**2 - 4*u - 11. Calculate l(-5).
109
Let p(n) = -7*n + 410. Determine p(44).
102
Let o(p) = -4*p**3 + 39*p**2 - 90*p - 54. Give o(5).
-29
Let g(y) = -1124*y - 112393. Calculate g(-100).
7
Let f(y) = 1582*y - 28485. Give f(18).
-9
Let y(h) = 78*h + 537. Determine y(-11).
-321
Let q(u) = 365*u - 3268. Calculate q(9).
17
Let b(x) = x**2 + 115*x + 686. Determine b(-6).
32
Let l(u) = u**2 - 246*u - 5608. Calculate l(-21).
-1
Let b(d) = -10*d - 113. Determine b(-11).
-3
Let g(t) = -4*t**2 - 51*t - 108. What is g(-2)?
-22
Let v(c) = c**2 - 16*c - 9932. Calculate v(108).
4
Let h(c) = 2*c**2 - 5*c - 22. Give h(6).
20
Let f(x) = -50*x - 565. Give f(-12).
35
Let h(y) = y**2 + 46*y + 154. Determine h(-29).
-339
Let g(c) = -1061*c - 2116. Determine g(-2).
6
Let a(t) = -352*t - 4252. Calculate a(-12).
-28
Let k(l) = -296*l - 344. Give k(-1).
-48
Let d(w) = -w**2 + 41*w - 324. Calculate d(37).
-176
Let x(b) = 4*b**2 + 63*b - 333. Determine x(-20).
7
Let d(a) = -a**2 + 27*a + 27. Give d(-7).
-211
Let r(h) = -102*h + 2138. Calculate r(21).
-4
Let a(j) = 47*j - 949. Give a(20).
-9
Let s(t) = -1057*t + 2114. Calculate s(2).
0
Let s(m) = -m**2 + 203*m + 1606. What is s(-7)?
136
Let j(y) = 3*y**2 - 33*y + 150. Determine j(14).
276
Let r(q) = -q**3 + 103*q**2 - 1109*q + 1551. Determine r(91).
4
Let k(p) = p**3 - 5*p**2 - p - 186. Determine k(8).
-2
Let o(b) = 4*b**2 + 114*b + 726. Calculate o(-19).
4
Let k(n) = n**3 + 60*n**2 - 112*n + 261. Determine k(-62).
-483
Let m(n) = 2*n**2 + 88*n + 784. Calculate m(-10).
104
Let y(x) = -x**3 - 22*x**2 + 19*x - 38. Determine y(-23).
54
Let b(u) = -398*u - 3732. Determine b(-9).
-150
Let z(t) = -5*t**3 + 6*t**2 + 11*t - 14. Give z(1).
-2
Let h(m) = m**3 - 12*m**2 + 21*m - 31. What is h(10)?
-21
Let y(u) = -82*u + 110. Give y(4).
-218
Let b(o) = -o**3 - 15*o**2 + 28*o + 200. Calculate b(-16).
8
Let i(x) = 2*x**2 - 104*x + 1026. Determine i(39).
12
Let u(i) = i**3 - 36*i**2 - 161*i - 44. Give u(40).
-84
Let p(m) = -2*m**3 - 15*m**2 - 25*m - 9. What is p(-4)?
-21
Let q(x) = -11*x + 1918. What is q(179)?
-51
Let y(j) = -j**3 + 6*j**2 + 42*j - 7. Determine y(10).
13
Let t(c) = -55*c - 2049. Calculate t(-37).
-14
Let u(r) = r**3 + 25*r**2 + 21*r - 65. What is u(-24)?
7
Let q(k) = 8*k**2 - 836*k + 439. What is q(104)?
23
Let y(x) = -101*x - 2978. Give y(-30).
52
Let i(c) = -c**3 + 129*c**2 - 136*c + 1031. What is i(128)?
7
Let v(n) = -27*n + 165. What is v(-7)?
354
Let o(m) = -m**3 - 46*m**2 + 30*m + 790. Calculate o(-4).
-2
Let o(x) = -1833*x - 2. Calculate o(0).
-2
Let k(v) = -5*v**2 - 512*v + 835. Give k(-104).
3
Let m(k) = 95*k - 6186. What is m(65)?
-11
Let n(k) = -9*k**2 - 178*k - 130. Determine n(-19).
3
Let j(l) = 1307*l + 86. Give j(0).
86
Let s(j) = -45*j - 21. Determine s(-5).
204
Let j(f) = 64*f + 957. Give j(-15).
-3
Let u(y) = -14*y**2 + 45*y - 197. What is u(7)?
-568
Let l(w) = 250*w + 3740. Calculate l(-15).
-10
Let j(v) = -46*v + 335. What is j(7)?
13
Let x(b) = 5*b**2 + 20*b + 32. Determine x(-6).
92
Let n(z) = -9*z + 327. Give n(30).
57
Let a(u) = -u**3 - 7*u**2 + 191*u + 83. What is a(11)?
6
Let s(v) = -2*v**3 - 3*v**2 + v - 1. Give s(0).
-1
Let q(d) = -d**2 + 51*d + 195. Calculate q(-4).
-25
Let y(x) = -7*x**3 - 243*x**2 + 74*x + 139. What is y(-35)?
-1
Let y(r) = 718*r + 4341. Calculate y(-6).
33
Let n(j) = j**2 + 142*j + 4813. Determine n(-86).
-3
Let v(b) = 789*b**2 - 2370*b + 11. Give v(3).
2
Let i(d) = -d**2 - 255*d + 12476. Calculate i(42).
2
Let c(l) = l**2 + 103*l - 13869. What is c(-180)?
-9
Let x(h) = -23*h**2 - 21*h + 45. What is x(2)?
-89
Let s(m) = -10*m**2 - 861*m - 1767. What is s(-84)?
-3
Let q(v) = 2*v**3 - 62*v**2 - 61*v + 2. Calculate q(32).
98
Let c(s) = 157*s - 7049. Calculate c(44).
-141
Let p(h) = 11*h + 1. What is p(-20)?
-219
Let u(s) = 5*s**3 + 24*s**2 + 10*s + 64. Calculate u(-5).
-11
Let t(f) = -310*f - 3397. Determine t(-11).
13
Let b(f) = -77*f + 945. Calculate b(12).
21
Let l(d) = -d**3 + 65*d**2 + 42*d + 1522. Give l(66).
-62
Let v(a) = a**3 - 13*a**2 - 22*a + 16. Calculate v(-3).
-62
Let g(y) = -302*y - 925. What is g(-3)?
-19
Let o(s) = -603*s - 10287. Determine o(-17).
-36
Let u(s) = 8*s**2 - 209*s + 20. Give u(26).
-6
Let m(t) = -3*t**2 + 248*t - 1588. Calculate m(7).
1
Let a(v) = 4*v**3 + 313*v**2 + 88*v + 676. Calculate a(-78).
-104
Let j(p) = p**3 - 11*p**2 + 4*p + 4. Give j(10).
-56
Let x(r) = -12*r + 115. Determine x(-8).
211
Let z(r) = -r**2 - 24*r - 45. Calculate z(-17).
74
Let h(l) = l**2 + 86*l - 537. What is h(6)?
15
Let a(c) = c**3 - 51*c**2 + 48*c + 108. Calculate a(50).
8
Let u(c) = -5*c - 4. What is u(-2)?
6
Let o(t) = -31*t - 1202. Calculate o(-40).
38
Let h(a) = 2*a**3 + 17*a**2 - 8*a - 8. Give h(-8).
120
Let r(h) = 2*h**3 - 8*h**2 - 16*h - 11. Give r(-1).
-5
Let v(f) = -2*f**3 - 13*f**2 - 2*f + 3. What is v(-5)?
-62
Let a(y) = y**3 + 13*y**2 - 44*y + 20. Give a(-16).
-44
Let w(q) = -q**3 + 5*q**2 + 5*q - 62. Give w(5).
-37
Let q(a) = 5*a + 495. Determine q(14).
565
Let l(j) = -j**2 + 5128*j + 87465. Determine l(-17).
0
Let k(z) = -41*z - 4985. Determine k(-122).
17
Let g(w) = -8*w**3 - 80*w**2 + w + 14. Give g(-10).
4
Let n(p) = p**3 + 100*p**2 - 203*p + 89. What is n(-102)?
-13
Let v(q) = 1105*q - 7729. What is v(7)?
6
Let o(b) = -11*b**2 + 115*b - 29. Determine o(9).
115
Let s(j) = 11*j + 199. Calculate s(-34).
-175
Let o(u) = -184*u - 2558. Give o(-14).
18
Let x(s) = 973*s - 21407. Calculate x(22).
-1
Let a(j) = -86*j**2 + 53*j + 33. Give a(1).
0
Let c(x) = -x**3 + 35*x**2 - 6*x + 1508. What is c(36)?
-4
Let j(a) = -6132*a - 61322. Determine j(-10).
-2
Let i(z) = z**3 + 20*z**2 - 21*z - 425. What is i(-20)?
-5
Let q(n) = n**2 - 241*n - 7229. What is q(-27)?
